{"id":3547,"date":"2021-07-27T17:21:27","date_gmt":"2021-07-27T15:21:27","guid":{"rendered":"https:\/\/jiser.org\/?page_id=3547"},"modified":"2021-07-27T17:28:57","modified_gmt":"2021-07-27T15:28:57","slug":"resultat-appel-mural-local-2021","status":"publish","type":"page","link":"https:\/\/jiser.org\/fr\/resultat-appel-mural-local-2021\/","title":{"rendered":"R\u00e9sultat appel MURAL\/LOCAL 2021"},"content":{"rendered":"<h2>R\u00e9solution de l&rsquo;appel \u00e0 candidatures MURAL\/LOCAL 2021<\/h2>\n<p>Nous sommes tr\u00e8s heureux d&rsquo;annoncer les r\u00e9sultats de l&rsquo;appel MURAL\/LOCAL 2021.<\/p>\n<p>Le jury de cet appel, form\u00e9 par l&rsquo;artiste Ed Oner, Marta Ballesta, Annalisa Cannito, l&rsquo;\u00e9quipe Jiser et le collectif Saberes migrantes, a s\u00e9lectionn\u00e9 les candidatures des artistes:<\/p>\n<p><strong>Sara Mart\u00ednez (aka Sara Mono) et Fares Yessad (aka Serdas)<\/strong><\/p>\n<p>Nous pensons que ces deux artistes, avec leurs parcours, leurs motivations et les projets qu&rsquo;ils ont d\u00e9velopp\u00e9s, pourront collaborer et travailler dans un \u00e9change artistique riche, g\u00e9n\u00e9rant un dialogue critique pour intervenir sur la fresque de 80 m\u00b2 situ\u00e9e dans la cour int\u00e9rieure de la coop\u00e9rative de logement Bac de Roda, dans l&rsquo;espace commun o\u00f9 se trouve le si\u00e8ge de Jiser.<\/p>\n<p>Nous tenons \u00e0 remercier de leur participation les 17 artistes\/collectifs qui nous ont envoy\u00e9 leurs propositions pour cet appel \u00e0 projets. En outre, le jury tient \u00e0 souligner la pertinence des candidatures d&rsquo;Oussama Harrachif, Perrine Honor\u00e9, Mouna Jemal Siala, Thilleli Rahmoun, Oualid Lazrak et Victoria &amp; Kl\u00f6ver.<\/p>\n","protected":false},"excerpt":{"rendered":"<p>R\u00e9solution de l&rsquo;appel \u00e0 candidatures MURAL\/LOCAL 2021 Nous sommes tr\u00e8s heureux d&rsquo;annoncer les r\u00e9sultats de l&rsquo;appel MURAL\/LOCAL 2021. Le jury de cet appel, form\u00e9 par l&rsquo;artiste Ed Oner, Marta Ballesta, Annalisa Cannito, l&rsquo;\u00e9quipe Jiser et le collectif Saberes migrantes, a s\u00e9lectionn\u00e9 les candidatures des artistes: Sara Mart\u00ednez (aka Sara Mono) et Fares Yessad (aka Serdas) [&hellip;]<\/p>\n","protected":false},"author":4,"featured_media":3498,"parent":0,"menu_order":0,"comment_status":"closed","ping_status":"closed","template":"template-legal.php","meta":{"_acf_changed":false,"footnotes":""},"class_list":["post-3547","page","type-page","status-publish","has-post-thumbnail","hentry"],"acf":[],"_links":{"self":[{"href":"https:\/\/jiser.org\/fr\/wp-json\/wp\/v2\/pages\/3547","targetHints":{"allow":["GET"]}}],"collection":[{"href":"https:\/\/jiser.org\/fr\/wp-json\/wp\/v2\/pages"}],"about":[{"href":"https:\/\/jiser.org\/fr\/wp-json\/wp\/v2\/types\/page"}],"author":[{"embeddable":true,"href":"https:\/\/jiser.org\/fr\/wp-json\/wp\/v2\/users\/4"}],"replies":[{"embeddable":true,"href":"https:\/\/jiser.org\/fr\/wp-json\/wp\/v2\/comments?post=3547"}],"version-history":[{"count":3,"href":"https:\/\/jiser.org\/fr\/wp-json\/wp\/v2\/pages\/3547\/revisions"}],"predecessor-version":[{"id":3558,"href":"https:\/\/jiser.org\/fr\/wp-json\/wp\/v2\/pages\/3547\/revisions\/3558"}],"wp:featuredmedia":[{"embeddable":true,"href":"https:\/\/jiser.org\/fr\/wp-json\/wp\/v2\/media\/3498"}],"wp:attachment":[{"href":"https:\/\/jiser.org\/fr\/wp-json\/wp\/v2\/media?parent=3547"}],"curies":[{"name":"wp","href":"https:\/\/api.w.org\/{rel}","templated":true}]}}

Résultat appel MURAL/LOCAL 2021

<h2>Résolution de l&rsquo;appel à candidatures MURAL/LOCAL 2021</h2>
<p>Nous sommes très heureux d&rsquo;annoncer les résultats de l&rsquo;appel MURAL/LOCAL 2021.</p>
<p>Le jury de cet appel, formé par l&rsquo;artiste Ed Oner, Marta Ballesta, Annalisa Cannito, l&rsquo;équipe Jiser et le collectif Saberes migrantes, a sélectionné les candidatures des artistes:</p>
<p><strong>Sara Martínez (aka Sara Mono) et Fares Yessad (aka Serdas)</strong></p>
<p>Nous pensons que ces deux artistes, avec leurs parcours, leurs motivations et les projets qu&rsquo;ils ont développés, pourront collaborer et travailler dans un échange artistique riche, générant un dialogue critique pour intervenir sur la fresque de 80 m² située dans la cour intérieure de la coopérative de logement Bac de Roda, dans l&rsquo;espace commun où se trouve le siège de Jiser.</p>
<p>Nous tenons à remercier de leur participation les 17 artistes/collectifs qui nous ont envoyé leurs propositions pour cet appel à projets. En outre, le jury tient à souligner la pertinence des candidatures d&rsquo;Oussama Harrachif, Perrine Honoré, Mouna Jemal Siala, Thilleli Rahmoun, Oualid Lazrak et Victoria &amp; Klöver.</p>

<p>Résolution de l&rsquo;appel à candidatures MURAL/LOCAL 2021 Nous sommes très heureux d&rsquo;annoncer les résultats de l&rsquo;appel MURAL/LOCAL 2021. Le jury de cet appel, formé par l&rsquo;artiste Ed Oner, Marta Ballesta, Annalisa Cannito, l&rsquo;équipe Jiser et le collectif Saberes migrantes, a sélectionné les candidatures des artistes: Sara Martínez (aka Sara Mono) et Fares Yessad (aka Serdas) [&hellip;]</p>
